{"id":82,"date":"2022-06-03T20:55:10","date_gmt":"2020-06-03T17:55:10","guid":{"rendered":"https:\/\/safirdemo.com\/atolye\/hakkimizda\/"},"modified":"2025-11-03T00:11:52","modified_gmt":"2025-11-02T21:11:52","slug":"hakkimizda","status":"publish","type":"page","link":"https:\/\/guzidebakim.com\/index.php\/hakkimizda\/","title":{"rendered":"Hakk\u0131m\u0131zda"},"content":{"rendered":"\n<figure class=\"wp-block-image size-large\"><img decoding=\"async\" src=\"https:\/\/guzidebakim.com\/wp-content\/uploads\/2024\/05\/IMGP0436-1024x678.jpg\" alt=\"\" class=\"wp-image-508\"\/><\/figure>\n\n\n\n<p><\/p>\n\n\n\n<div class=\"wp-block-safirtema-mainheading singleHeading mainHeading\"><div class=\"inner\"><div class=\"icon safiricon\"><svg class=\"safiricon-kurumsal\"><use href=\"#safiricon-kurumsal\"><\/use><\/svg><\/div><div class=\"text\">HAKKIMIZDA<\/div><\/div><\/div>\n\n\n\n<p><strong>7\/24 Tam Kapsaml\u0131 Sa\u011fl\u0131k ve Bak\u0131m Hizmetleri Siz ve Sevdikleriniz \u0130\u00e7in \u00d6zel Olarak Haz\u0131rlanan Merkezimizde Sizleri Beklemekte<\/strong><\/p>\n\n\n\n<p><strong>15.000 kapal\u0131 alan&nbsp; ile 320 Yatak Kapasitemizle Do\u011fu Anadolu&#8217;nun en b\u00fcy\u00fck bak\u0131m merkezi.<\/strong><\/p>\n\n\n\n<p>D\u00f6nemsel veya uzun s\u00fcreli olarak Alzheimer ve Demans hastas\u0131 bak\u0131mlar\u0131, ameliyat sonras\u0131 hasta bak\u0131mlar\u0131, palyatif bak\u0131m hizmetleri, ki\u015fiye ve hastal\u0131\u011fa \u00f6zel bak\u0131m hizmetleri ve di\u011fer t\u00fcm sa\u011fl\u0131k hizmetleri ile birlikte tam kapsaml\u0131, l\u00fcks ve cazip bir ya\u015fam ortam\u0131 sa\u011fl\u0131yoruz.<\/p>\n\n\n\n<p>\u0130htiya\u00e7 duydu\u011funuz t\u00fcm bak\u0131m ve sa\u011fl\u0131k hizmetleri misafirlerimizin t\u00fcm ihtiya\u00e7lar\u0131 ve konforu g\u00f6zetilerek sunulmaktad\u0131r.<\/p>\n\n\n\n<p>Merkezimizde; \u00fc\u00e7 ki\u015filik, iki ki\u015filik ve tek ki\u015filik oda se\u00e7enekleriyle beraber ;fizik tedavi b\u00f6l\u00fcm\u00fc  e\u011flence salonu gibi bir\u00e7ok hizmet sizlere hizmet vermektedir.<\/p>\n\n\n\n<p>M\u00fczik, Hobi, Oyun, Manevi Bak\u0131m, Payla\u015f\u0131m Saati, D\u0131\u015f Mekan ve Solunum aktiviteleri de uygulanmaktad\u0131r. Misafirlerimizin ki\u015fisel durumlar\u0131na ve ihtiya\u00e7lar\u0131na g\u00f6re, s\u00fcrekli ve d\u00fczenli psikolojik destek ve kontroller yap\u0131lmaktad\u0131r. Bu destek ve kontroller her bireyin ihtiyac\u0131 do\u011frultusunda \u00f6zel haz\u0131rlan\u0131p uygulan\u0131r.<\/p>\n\n\n\n<figure class=\"wp-block-gallery has-nested-images columns-default is-cropped wp-block-gallery-1 is-layout-flex wp-block-gallery-is-layout-flex\">\n<figure class=\"wp-block-image size-large\"><img decoding=\"async\" data-id=\"514\" src=\"https:\/\/guzidebakim.com\/wp-content\/uploads\/2024\/05\/ANAR5421-1024x768.jpg\" alt=\"\" class=\"wp-image-514\"\/><\/figure>\n<\/figure>\n\n\n\n<div class=\"wp-block-safirtema-mainheading singleHeading mainHeading\"><div class=\"inner\"><div class=\"icon safiricon\"><svg class=\"safiricon-begen\"><use href=\"#safiricon-begen\"><\/use><\/svg><\/div><div class=\"text\">Misyonumuz<\/div><\/div><\/div>\n\n\n\n<div class=\"safir-list\" data-col=\"1\"><ul class=\"wp-block-list\">\n<li>Modern d\u00fcnyan\u0131n en \u00f6nemli de\u011feri olan sa\u011fl\u0131k, s\u00fcrekli geli\u015fen ve geli\u015ftiren bir anlay\u0131\u015fla hizmete sunan sa\u011fl\u0131k, e\u011fitim, dan\u0131\u015fmanl\u0131k hizmetleri alanlar\u0131nda t\u00fcm misafirlerinin daha iyi bir ya\u015fam s\u00fcrmesine katk\u0131da bulunan, uluslararas\u0131 ba\u015far\u0131lara imza atan \u00f6nder bir \u201cmarka kurum\u201d olmakt\u0131r.<\/li>\n<\/ul><\/div>\n\n\n\n<div class=\"wp-block-safirtema-mainheading singleHeading mainHeading\"><div class=\"inner\"><div class=\"icon safiricon\"><svg class=\"safiricon-elmas\"><use href=\"#safiricon-elmas\"><\/use><\/svg><\/div><div class=\"text\">Vizyonumuz<\/div><\/div><\/div>\n\n\n\n<div class=\"safir-list\" data-col=\"1\"><ul class=\"wp-block-list\">\n<li>Sa\u011fl\u0131k ve Sosyal hizmetler alan\u0131nda, Erzurum&#8217;da ve \u00dclkemizde referans kurumlar olu\u015fturmak ve bu kurumlar\u0131 i\u015fletmek \u00f6nceli\u011fimizdir.<\/li>\n<\/ul><\/div>\n\n\n\n<div class=\"wp-block-safirtema-bgtext descriptionbox\" style=\"background-image:url('https:\/\/guzidebakim.com\/wp-content\/uploads\/2022\/11\/slider1.jpg')\"><div class=\"inner\"><div class=\"icon safiricon\"><svg class=\"safiricon-tac\"><use href=\"#safiricon-tac\"><\/use><\/svg><\/div><div class=\"detail\"><div class=\"header\">SEVG\u0130 VE \u015eEFKATLE<\/div><p class=\"content\">T\u00fcrkiye\u2019nin en modern ve Avrupa standartlar\u0131ndaki Bak\u0131mevi, Psikoterapi, Ya\u015fam merkezi olarak, ulusal ve uluslararas\u0131 bir referans kurumu..<\/p><\/div><\/div><\/div>\n","protected":false},"excerpt":{"rendered":"<p>7\/24 Tam Kapsaml\u0131 Sa\u011fl\u0131k ve Bak\u0131m Hizmetleri Siz ve Sevdikleriniz \u0130\u00e7in \u00d6zel Olarak Haz\u0131rlanan Merkezimizde Sizleri Beklemekte 15.000 kapal\u0131 alan&nbsp; ile 320 Yatak Kapasitemizle Do\u011fu Anadolu&#8217;nun en b\u00fcy\u00fck bak\u0131m merkezi. D\u00f6nemsel veya uzun s\u00fcreli olarak Alzheimer ve Demans hastas\u0131 bak\u0131mlar\u0131, ameliyat sonras\u0131 hasta bak\u0131mlar\u0131, palyatif bak\u0131m hizmetleri, ki\u015fiye ve hastal\u0131\u011fa \u00f6zel bak\u0131m hizmetleri ve di\u011fer [&hellip;]<\/p>\n","protected":false},"author":1,"featured_media":0,"parent":0,"menu_order":0,"comment_status":"closed","ping_status":"closed","template":"","meta":{"footnotes":""},"class_list":["post-82","page","type-page","status-publish","hentry"],"_links":{"self":[{"href":"https:\/\/guzidebakim.com\/index.php\/wp-json\/wp\/v2\/pages\/82","targetHints":{"allow":["GET"]}}],"collection":[{"href":"https:\/\/guzidebakim.com\/index.php\/wp-json\/wp\/v2\/pages"}],"about":[{"href":"https:\/\/guzidebakim.com\/index.php\/wp-json\/wp\/v2\/types\/page"}],"author":[{"embeddable":true,"href":"https:\/\/guzidebakim.com\/index.php\/wp-json\/wp\/v2\/users\/1"}],"replies":[{"embeddable":true,"href":"https:\/\/guzidebakim.com\/index.php\/wp-json\/wp\/v2\/comments?post=82"}],"version-history":[{"count":1,"href":"https:\/\/guzidebakim.com\/index.php\/wp-json\/wp\/v2\/pages\/82\/revisions"}],"predecessor-version":[{"id":4060,"href":"https:\/\/guzidebakim.com\/index.php\/wp-json\/wp\/v2\/pages\/82\/revisions\/4060"}],"wp:attachment":[{"href":"https:\/\/guzidebakim.com\/index.php\/wp-json\/wp\/v2\/media?parent=82"}],"curies":[{"name":"wp","href":"https:\/\/api.w.org\/{rel}","templated":true}]}}